s divided by 22.
19
Suppose -3*n = n - 28. Let j(x) = 23*x + 43. Let t(z) = 8*z + 14. Let a(y) = -3*j(y) + 8*t(y). What is the remainder when n is divided by a(-4)?
1
Let b(d) = 4*d**2 + 242*d - 68. Calculate the remainder when 5506 is divided by b(-61).
52
Let o be (-1)/(4/(-24)) - -2. Let y(n) = 2 - o + 5 + 2*n + n**2 + 0. Calculate the remainder when y(-3) is divided by 2.
0
Let k(g) = 4*g**2 - 29*g - 484. Calculate the remainder when k(-10) is divided by 164.
42
Let k be 1*747/(-12)*(14 + -18). Let p = k + -205. Suppose -5*m = -5*l - 100, 3*m - 52 = m - l. Calculate the remainder when p is divided by m.
20
Let c(x) = 19*x**2 + 109*x - 648. What is the remainder when c(7) is divided by 174?
2
Let w = -709 - -716. Let f(c) = 8*c - 25. Calculate the remainder when f(6) is divided by w.
2
Suppose 1216 = 5*y - 6*d, -3*y + 2*y - 2*d + 224 = 0. Calculate the remainder when 484 is divided by y.
12
Let x = 14750 - 14669. Calculate the remainder when x is divided by 16.
1
Let l = -3474 - -13111. What is the remainder when l is divided by 3210?
7
Suppose -29 + 684 = -5*k. Let n = 16 - k. Calculate the remainder when n/9*(7 + -1) is divided by 34.
30
Suppose -3*l = 186*y - 183*y - 711, -y = -l + 235. Calculate the remainder when l is divided by 161.
75
Suppose 12*n + 12284 = 15416. Suppose -5*l - 3*u + 61 = 0, -29 = -3*l - 3*u + 10. What is the remainder when n is divided by l?
8
Suppose -2*v + 29 = 5*g - 6, -2*v - 4*g + 38 = 0. Let b = 67 - 57. Suppose -24 = -m - b. Calculate the remainder when v is divided by m.
11
Suppose 2*b + 3*b - 2807 = 3*j, 5*j + 579 = b. What is the remainder when b is divided by 12?
7
Suppose 943 + 2162 = 27*k. What is the remainder when 894 is divided by k?
89
Suppose -28169 = 7*y - 46*y + 5566. What is the remainder when y is divided by 28?
25
Let b(x) = -27*x**2 - 3*x + 60. Let h be b(0). Let c = 5 - -1. Suppose -c*t + 18 = -h. What is the remainder when 49 is divided by t?
10
Let l(c) = -c**2 - 33*c + 610. Calculate the remainder when l(-43) is divided by 91.
89
Let f(o) = -3*o**2 - 38*o + 275. What is the remainder when f(-16) is divided by 50?
15
Let z(q) = q + 7. Let y be z(-3). Suppose 0*t - 5*t + 65 = 4*w, y*t = 4. Let x = w + -4. What is the remainder when 85 is divided by x?
8
Let d = 312 + -307. Suppose -8*z - 63 = -5*s - d*z, 2*s = -3*z + 42. What is the remainder when 116 is divided by s?
11
Let f = 325 + -476. Let k = -118 - f. What is the remainder when k is divided by 20?
13
Let g = 4904 + -4863. What is the remainder when 103 is divided by g?
21
Let v be 0 + -3 + 7/7. Let q(m) = -17*m + 4. Let k(t) = -9*t + 2. Let r(n) = v*q(n) + 5*k(n). Calculate the remainder when 71 is divided by r(-2).
23
Suppose 3*n - 6638 = -4*v, 3*v - 223*n - 4998 = -222*n. Calculate the remainder when v is divided by 151.
3
Let k(v) = v**2 - 50*v - 155. What is the remainder when 277 is divided by k(54)?
33
Suppose 2*i - 435 = 3*d + 56, -4*d - 734 = -3*i. Let b = -220 + i. Calculate the remainder when 87 is divided by b.
15
Let r(l) = -746*l - 709*l + 2140*l - 731*l - 2. Suppose 0*q - 2*q - 4 = 0. Calculate the remainder when r(q) is divided by 47.
43
Suppose 5*y = -5*c + 195, -34*y - 138 = -4*c - 32*y. Calculate the remainder when 172 is divided by c.
28
Suppose 14*g + 4 = 12*g - 5*t, 5*t = -3*g - 1. Suppose -2*c - c = -2*h + 179, -361 = -4*h + g*c. Calculate the remainder when h is divided by 14.
7
Let w(a) = 312*a**2 + 8*a - 204. Calculate the remainder when w(-5) is divided by 33.
32
Let z(f) = -11*f**2 + 33*f + 4. Suppose -6*w + 1406 - 194 = 0. Calculate the remainder when ((-12)/8)/(-3)*w is divided by z(2).
23
Let a = 1437 + -1091. Let m = 0 - -2. Suppose 5*c + m*j = 675, 3*c - 90 = 5*j + a. What is the remainder when c is divided by 28?
25
Suppose -5*a + 5*u - 1405 = 0, 3*a + 2*u = -538 - 315. Let q = 472 + a. Calculate the remainder when q is divided by 48.
45
Let i(b) = b**3 + 7*b**2 + 5*b + 3. Let l be i(-6). Let m = l - -72. Suppose 2*o + 7*o - m = 0. What is the remainder when 41 is divided by o?
5
Let f = -163943 - -163997. Calculate the remainder when 179/3 - 2/3 is divided by f.
5
Let y = -3037 - -3101. Calculate the remainder when 130 is divided by y.
2
Let b be (157 + -155)*(0 + -2*5). Calculate the remainder when 971 is divided by (-533)/(-52) + 25/b.
8
Suppose -96*l = -15*l - 2025. Calculate the remainder when 1298 is divided by l.
23
Let m = 244 - 46. Suppose 0 = 4*b - 46 - m. What is the remainder when b is divided by 5?
1
Let u = 4914 + -4832. Calculate the remainder when 723 is divided by u.
67
Let m(q) = 22*q**2 - 5*q + 7. What is the remainder when 7796 is divided by m(4)?
338
Let p(w) = -33*w - 8. Let b be p(-2). Let v = -42 + b. Suppose -11*o + 280 = v. Calculate the remainder when 68 is divided by o.
20
Let y(h) = -h**3 + 6*h**2 - 2*h + 4. Let g be y(5). Let m(t) = 21*t + 12 + 10 + 18 - 9 - t**2 - 2*t. What is the remainder when 61 is divided by m(g)?
30
Let p(h) = 3 + 216*h**2 + h**3 - 410*h**2 - 28*h + 205*h**2. What is the remainder when 316 is divided by p(-13)?
26
Let p(y) = 21*y**2 - 6. Let i(c) = 24*c + 290. Let q be i(-12). What is the remainder when p(q) is divided by 4?
2
Suppose j - 5*j - 388 = -4*i, 0 = 4*j - 4. Calculate the remainder when i - 7 - (-6 - -3) is divided by 20.
14
Let k(m) = -83*m - 23*m**2 + 66 + 21*m**2 + 44*m. What is the remainder when 17 is divided by k(-21)?
2
Suppose 0 = -0*n + 3*n. Suppose 0 = 4*l + 5*y - 50, -l + 0*l + 5*y = n. Suppose 23*x - 25*x = -34. Calculate the remainder when x is divided by l.
7
Let n = 1 - 1. Suppose n = r, -35 - 19 = -3*k + 5*r. Calculate the remainder when (1280/140)/(4/14) is divided by k.
14
Suppose 4*g + y + 4 = 11, -2 = g + y. Suppose -5*j + 10 = 0, -8*n - j = -g*n - 142. Calculate the remainder when 111 is divided by n.
27
Let l(i) = 14*i - 4. Suppose 4*y - 3*k = 3*y + 51, k = 2*y - 127. Suppose 2*t = -4, y = 4*o - 3*t - 2*t. Calculate the remainder when l(3) is divided by o.
10
Let c(o) = -349*o - 7630. Let g(w) = -w**3 - w + 1. Calculate the remainder when c(-22) is divided by g(0).
0
Suppose 4*z - 95 = -3*t + 249, 3*t + 5*z - 349 = 0. Calculate the remainder when 200 is divided by t.
92
Suppose -1860 = -2*p - 3*p. Let v(a) = 22*a**2 - 1164*a + 1057. What is the remainder when p is divided by v(52)?
15
Let x(j) = j**3 - 4*j**2 - 2*j + 6. Let w be x(4). Let v(b) = -13*b - 131. Let y be v(-30). Calculate the remainder when w/6 + 3/(63/y) is divided by 5.
2
Suppose -l = -2*w - 70, 58*l - 53*l = 4*w + 362. Suppose 2*s = 11 + 9. Suppose 60 = -6*t + s*t. What is the remainder when l is divided by t?
14
Let o be 5/(20/12)*14. Suppose 0 = -6*c + 102 + o. Calculate the remainder when 117 is divided by c.
21
Suppose 4*g + r - 17 = 0, -17*g + 14 = -13*g - 2*r. Suppose 2*q = -g*l + 88, -5*q + 3*l - 2*l = -176. Calculate the remainder when 71 is divided by q.
35
What is the remainder when 926 is divided by (-40)/120 - (-2191)/21?
94
Let t = 407 + -106. Suppose -9*p - 13 = -t. What is the remainder when 62 is divided by p?
30
What is the remainder when 11100/210 - (-12)/(-14) is divided by (-51)/(-12)*(3 + (-2)/(-2))?
1
Let y be 20/8 - (-3)/(-6)*1. Suppose -67 = -x + y*l - 0, 0 = 4*x + 2*l - 288. Suppose 3*p + 14 = x. Calculate the remainder when p is divided by 6.
1
Suppose 0*w + 256 = 8*w. Calculate the remainder when -7*(-13)/(-91) - -285 is divided by w.
28
Suppose -3*b + i = 211 - 755, 2*i = -b + 193. Suppose 4*l + 2*s - 91 + 27 = 0, 0 = 3*l + 5*s - 41. What is the remainder when b is divided by l?
13
Suppose 0*f + 66 = -2*f. Let z = 10227 - 10246. Let u = z - f. What is the remainder when 37 is divided by u?
9
Let g(t) = -5*t**3 - 9*t**3 + 3*t - 2*t**3 + 15*t**3 - 5*t**2 + 14. Calculate the remainder when g(-6) is divided by 11.
10
Suppose -5*x = -69 - 51. Suppose 25*p - 9631 = -1256. What is the remainder when p is divided by x?
23
Suppose 167 = 16*u + 9*u - 10383. What is the remainder when u is divided by 74?
52
Let m = 1067 - 676. Suppose -347 = k - m. Calculate the remainder when 156 is divided by k.
24
Let u(t) = t**3 - 9*t**2 + 13*t + 11. Let n be u(7). What is the remainder when 143 is divided by 6/n*(-2)/(-1)*1?
2
Let p(l) = -29*l + 3. Let d be (-8)/((-20)/(-5) - 2). Calculate the remainder when p(d) is divided by 41.
37
Let z =